y?
24
Suppose 11*b - 510 = -378. Suppose -r + b - 9 = -v, 2*r = 5*v - 3. Calculate the remainder when ((-4)/6)/((-2)/87) is divided by r.
5
Let y = 198 + -103. Suppose -598 = -11*i + y. Calculate the remainder when 125 is divided by i.
62
Let a be (88/40)/(4/20). Suppose -1081 = -a*d - 179. What is the remainder when d is divided by 28?
26
Suppose 0 = -4*w - w + 50. Suppose w*d - 6*d - 132 = 0. Suppose 2*v - 54 = -a, -d - 77 = -2*a - 3*v. Calculate the remainder when a is divided by 12.
10
Let r(q) = 2*q**2 + 7*q + 7. Let s be r(8). Suppose -4*x - s = -235. What is the remainder when 72 is divided by x?
6
Let k = 1281 + -935. Calculate the remainder when k is divided by 70.
66
Let d(y) = 2*y - 2. Let r be d(3). Suppose 0 = -2*s - r*v + 2*v + 2, s - 16 = 2*v. What is the remainder when 26 is divided by s?
2
Let r = 2340 - 2122. Calculate the remainder when r is divided by 13.
10
Let x = -32 - -33. What is the remainder when 158 is divided by -2*x/(-11) - (-502)/22?
20
Suppose 2*d - 45 = 3*r, -d = -590*r + 591*r - 10. What is the remainder when 10962 is divided by d?
12
Suppose -90*q = 179*q - 97378. What is the remainder when 1351 is divided by q?
265
Suppose 702*l - 693*l = 1557. Calculate the remainder when 1019 is divided by l.
154
Let n = 40 - 26. Suppose h + 3*h - 4 = -4*m, -n = -2*m + 4*h. Let l = -78 + 82. What is the remainder when l is divided by m?
1
Suppose -2*k - 2*k = 3*v + 1322, -5*k - 448 = v. Let z = -366 - v. Calculate the remainder when z is divided by 15.
12
Let y(q) = 6*q - 12. Let a be y(-4). Calculate the remainder when 32 is divided by 5 - 9/(a/(-8)).
2
Let b = 2811 - 2806. Calculate the remainder when (-4)/((-12)/63) - 2 is divided by b.
4
Let w(y) = 250*y - 3727. Calculate the remainder when 66 is divided by w(15).
20
Let l be (-2)/5 - (-54)/10. Suppose -3*j = -0*j + l*r - 197, -j + 39 = -5*r. Let u = j - -14. What is the remainder when u is divided by 25?
23
Let r(g) = -123*g + 9. Let l be r(-1). Suppose -l*t + 150*t = 18. Calculate the remainder when 30 is divided by t.
0
Suppose 0 = 2*z - 0*z - 854. Suppose -316*m + 3229 = 69. What is the remainder when z is divided by m?
7
Suppose 0 = 5*m - f - 589, -4*m + 0*m + 477 = 5*f. Let i(c) = -798*c - 48654. What is the remainder when m is divided by i(-61)?
22
Let m = -5786 + 5858. Calculate the remainder when 351 is divided by m.
63
Let j(l) = 2854*l + 4104. Calculate the remainder when j(3) is divided by 41.
38
Suppose -7*m + 10*m + 3*c - 183 = 0, 244 = 4*m - 4*c. Suppose -67*f + 102 = -m*f. What is the remainder when 338 is divided by f?
15
Let k(y) = 6997*y**2 + 10*y - 4. Calculate the remainder when k(-1) is divided by 241.
235
Let n(m) = m**2 - 35*m + 332. Calculate the remainder when 829 is divided by n(20).
29
Let b(x) = -4*x + 2. Let d = -517 + 575. Suppose -2*w - 11*o + 6*o + d = 0, -w + 3*o = -51. What is the remainder when w is divided by b(-2)?
9
Let w(h) = h**3 + 4*h**2 - h + 4. Let d be w(-3). Let r(y) = -2*y**3 - 5*y**2 - 5*y - 2. Calculate the remainder when r(-4) is divided by (-4)/(-12)*3 + d.
15
Let a = 27 - -42. Let r = -44 + a. What is the remainder when (36/(-30))/((-32)/4 + (-639)/(-80)) is divided by r?
21
Suppose -33*a + 9152 + 2275 = -5205. Calculate the remainder when a is divided by (1 - -1)*117/6.
36
Let u(q) = q**2 + q - 87. Let k be u(-10). Let y = 8 - 5. Suppose -k*j - 2*j + 171 = 4*v, -3*j - y = 0. Calculate the remainder when v is divided by 12.
8
Suppose 0 = 24*v + 4*v - 476. Let z(i) = -i**2 - i + 1. Let w(r) = -2*r**2 - r + 172. Let y(s) = w(s) - 3*z(s). What is the remainder when y(0) is divided by v?
16
Let z(x) = 6*x + 91. Let l = 84 + -95. What is the remainder when 96 is divided by z(l)?
21
Let c = -30 - -32. Suppose 4*l = -2*a - 32, c = l + 5*a - 7*a. What is the remainder when 114/4*4/l*-1 is divided by 11?
8
Let f(d) = d**3 - 11*d**2 + 11*d + 11. Suppose -4*h - m = -39, -2*h - 7*m = -5*m - 18. Calculate the remainder when 43 is divided by f(h).
1
Suppose x + 0*z - 4*z - 36 = 0, -25 = 5*z. Let a be ((-6)/4)/((-2)/8). Let q(c) = c**3 - 2*c**2 - 4*c + 6. What is the remainder when q(a) is divided by x?
14
Suppose 0 = -7*d - 86*d + 2232. Let i(q) = -4*q - 11. What is the remainder when d is divided by i(-6)?
11
Let s = 20 - -20. Suppose -5*u + 21 = 2*z - 13, 5*z = -5*u + s. Suppose 0 = u*i - 8*i + 52. What is the remainder when 47 is divided by i?
21
Let r = -8 + -7. Let h = 9 - r. Suppose h = 4*x - 88. What is the remainder when x is divided by 15?
13
Suppose 172 = 8*i + 18*i - 3832. Calculate the remainder when i is divided by 68.
18
Let z = -23 - -25. Suppose 3*q = 4*r + 15, 3*q - z*q - 5 = -r. Calculate the remainder when (84/7)/((-9)/(-12)) is divided by q.
1
Let u = -1117 - -1140. Let h(d) = -21*d. Let m be h(-1). What is the remainder when u is divided by (-60)/(-14) - 6/m?
3
Calculate the remainder when 1 - (3 - 4) - (-8550)/(54/6) is divided by 11.
6
Let q = 436 - 221. Suppose 0 = -2*o - l + 14 - 2, 3*l = -2*o + 8. What is the remainder when q is divided by o?
5
Suppose -222 = -2*v + 3*u, 0 = 17*v - 19*v - 4*u + 208. Suppose 0 = -2*t + v + 146. What is the remainder when t is divided by 62?
3
Let v(m) be the second derivative of -m**4/12 - 3*m**3/2 + 63*m**2/2 - 10*m - 1. Calculate the remainder when 108 is divided by v(-12).
0
Let u = -315 - -171. Calculate the remainder when 168 is divided by u/(-15) + 6/15.
8
Suppose 4*w - 4 = 3*w. Let x(a) = a**3 + 7*a**2 + 6*a - 2. Let r be x(-7). Let y = r + 59. What is the remainder when y is divided by w?
3
Let q(l) = l**2 + 15*l + 6. Suppose 70*x - 331 + 51 = 0. Calculate the remainder when q(-16) is divided by x.
2
Suppose 0 = i - 4*q + 4, 3*q - 15 = -3*i + 3. Suppose -i*o - 477 = -13*o. Suppose 7*t - 180 = -3*t. Calculate the remainder when o is divided by t.
17
Suppose 6 + 0 = 3*a + o, 4*a = 3*o + 8. Suppose -c - 384 = -4*v, 166 = 4*v + a*c - 218. Calculate the remainder when 286 is divided by v.
94
Let z(j) = j**2 + 420*j + 2987. Calculate the remainder when 396 is divided by z(-7).
12
Let k be 24/18 + 4/6. Suppose -2*l + 8 = -k, -230 = -5*p + l. What is the remainder when p is divided by 31?
16
Let o = -418 + 204. Suppose f - 5*b + 3*b = 449, -906 = -2*f - 4*b. Let d = o + f. What is the remainder when d is divided by 48?
45
Suppose -x = -4*x - 1284. Let l = -405 - x. Calculate the remainder when 106 is divided by l.
14
Let a be 536/6 - (30/(-18) + 1). Let c = a + -76. What is the remainder when 22 is divided by c?
8
Suppose -z = -10 - 9. Suppose -144 = -v + z. Suppose 601*b + 190*b - 65010 = -391*b. Calculate the remainder when v is divided by b.
53
Calculate the remainder when 607 is divided by (-24 - (-616)/33)/((-1)/18).
31
Let m = -19 - -34. Let c be -12 + 6*(-4)/6. Let f(s) = -12*s - 152. Calculate the remainder when f(c) is divided by m.
10
Let p(s) = 528*s**2 + 3119*s + 4. Let d(x) = -x**3 + 9*x**2 - 4*x - 8. What is the remainder when p(-6) is divided by d(6)?
70
Let o(a) = 3*a - 102. Let l be o(35). Suppose 27 = 5*z + 2. Calculate the remainder when (l - 2)/((-64)/(-21) - 3) is divided by z.
1
Suppose 0 = 4*v + 4*q - 748, 2*q = v - 103 - 90. Suppose 13*z = 20*z - v. Calculate the remainder when z is divided by 11.
5
Let l be 5/2*8/10. Suppose 0 = -6*c + c - l*n + 257, -5*c = -4*n - 251. What is the remainder when 151 is divided by c?
49
Let q = -477 - -471. What is the remainder when 143 is divided by (-172)/(-8) - q*(-1)/12?
17
Suppose 20190 = 7*q - 36573. What is the remainder when (-2)/(-7) + 11/(693/q) is divided by 46?
37
Let c = -361 - -158. Let a = c + 229. Calculate the remainder when 70 is divided by a.
18
Let z = 132 + -92. Let m(k) = -k**2 - 14*k + 5. Let p be m(-14). Suppose -5*y - 384 - 1 = -p*i, -2*i + 4*y = -152. What is the remainder when i is divided by z?
38
Let g be 16/5*1935/18. Let m = g - 307. What is the remainder when m is divided by 8?
5
Let b = 49 + -49. Suppose 2*a - l - 8 - 26 = b, -2*a - 3*l + 42 = 0. What is the remainder when a is divided by 6?
0
Let h = -5449 - -5587. Let x = -23 - -51. Calculate the remainder when h is divided by x.
26
Let x = 36 + -34. Suppose -h + 23 = 5*g, x*g - 7 = -2*h - 1. Suppose -g*a + 796 = 141. What is the remainder when a is divided by 19?
17
Let y(l) = -l + 162. Calculate the remainder when y(0) is di